 9, what is 614882 - -85?
615077
In base 16, what is 1c66722 - -4?
1c66726
In base 2, what is -101111101100001110010100 - 11010?
-101111101100001110101110
In base 10, what is -3044 - -30118?
27074
In base 16, what is 5 - -9419c0?
9419c5
In base 14, what is 2c3 + -73b?
-458
In base 5, what is 1 - -12130234110?
12130234111
In base 2, what is -1101011100001000111 - 1100?
-1101011100001010011
In base 10, what is 28619 + 44?
28663
In base 15, what is -1 + 32ac063?
32ac062
In base 10, what is 0 - 57748599?
-57748599
In base 16, what is 2b - af0174?
-af0149
In base 11, what is 363 + -454185?
-453922
In base 9, what is 26 + -378066?
-378040
In base 8, what is -176663 - 372?
-177255
In base 13, what is -6549c - -7a?
-65422
In base 13, what is -24 - -1c195?
1c171
In base 5, what is -132023024 - 1022?
-132024101
In base 2, what is -10001101011011110111001 + -100?
-10001101011011110111101
In base 16, what is 18a7d42 - 6?
18a7d3c
In base 11, what is 1a33a7 - 349?
1a3059
In base 12, what is 1950529 - -3?
1950530
In base 12, what is 83b4b - -b?
83b5a
In base 4, what is 22210132 - -1111?
22211303
In base 2, what is -110000 - 100010100110100000010?
-100010100110100110010
In base 12, what is -85107 + -b42?
-86049
In base 10, what is -60 - -2590348?
2590288
In base 3, what is 200 + -10110011201022?
-10110011200122
In base 5, what is -201432143 + 13?
-201432130
In base 7, what is 10045605 - 110?
10045465
In base 8, what is -73254 - -6557?
-64475
In base 14, what is d40b - -45d2?
139dd
In base 5, what is 103204321 - 4334?
103144432
In base 9, what is -347 + 1351421?
1351063
In base 9, what is -3 + 1552538?
1552535
In base 7, what is -10144 + -13650?
-24124
In base 16, what is -3 - -569c395?
569c392
In base 4, what is -100001213132 + -203?
-100001220001
In base 11, what is 3 + 384035a1?
384035a4
In base 13, what is -b3 - 115823?
-115906
In base 2, what is -10101100000100 + 101010110000110?
10101010000010
In base 12, what is 2a8 + -3818a?
-37aa2
In base 10, what is 126081 + -58?
126023
In base 15, what is 66076 - -17?
6608d
In base 16, what is -b320 - -b85?
-a79b
In base 3, what is -1022 - -202001011102212?
202001011101120
In base 9, what is 52 + 128785?
128847
In base 9, what is -2461 - -4146?
1575
In base 10, what is 0 - 146849792?
-146849792
In base 14, what is 362880 + 2?
362882
In base 9, what is 20672052 + -3?
20672048
In base 11, what is -353 - 5497a?
-55222
In base 15, what is -38 - 405e3a?
-405e73
In base 11, what is 50a - -12447?
12956
In base 3, what is 1010210201 + 221212211?
2002200112
In base 8, what is 6350 + -10374?
-2024
In base 9, what is 582654 - -53?
582717
In base 10, what is -14752755 + 3?
-14752752
In base 6, what is 2 - 120220153?
-120220151
In base 5, what is -10413 - -4324204?
4313241
In base 13, what is -5 - 12c8129?
-12c8131
In base 7, what is -14144350 - -52?
-14144265
In base 12, what is -2496993 + -3?
-2496996
In base 13, what is -1055 + -1103?
-2158
In base 10, what is -13514 + 13596?
82
In base 7, what is 302514 - -36?
302553
In base 16, what is -ec + 449e?
43b2
In base 2, what is -110 - -110110101111100000?
110110101111011010
In base 16, what is 25 - -7ca3f?
7ca64
In base 6, what is 1304423104 + 20?
1304423124
In base 14, what is 655 - -1d667?
1dcbc
In base 14, what is -229bb6 + 2?
-229bb4
In base 2, what is 10101100001 - 11100110100100?
-11010001000011
In base 6, what is 321130202 - -330?
321130532
In base 3, what is 2220222112202 - -22?
2220222120001
In base 13, what is 735570 + 4?
735574
In base 8, what is -2402 + 250116?
245514
In base 5, what is -3120414 + 41010?
-3024404
In base 9, what is 316 + 1442?
1758
In base 3, what is 22021121121200 + 111?
22021121122011
In base 11, what is -4528533 + 165?
-4528379
In base 13, what is 3 + 2a09835?
2a09838
In base 4, what is 1 + 202233121021?
202233121022
In base 5, what is -2132 + 1020220?
1013033
In base 12, what is 121bb070 - 0?
121bb070
In base 2, what is 10011100101011 + 10101001011?
10110001110110
In base 11, what is -140 - 2a458?
-2a598
In base 10, what is -51208 + 6775?
-44433
In base 3, what is 1210121110002112121 + 2?
1210121110002112200
In base 3, what is 1000021202201 - -1021001?
1000100000202
In base 9, what is -5 - -42541800?
42541784
In base 15, what is -6 + 1e407a6?
1e407a0
In base 12, what is -41a41a + 174?
-41a266
In base 7, what is -2 + 16223435?
16223433
In base 3, what is 2220 + -111021112?
-111011122
In base 7, what is -20435 - 50644?
-101412
In base 14, what is -25d + -163740?
-16399d
In base 5, what is 1020002 - 142?
1014310
In base 11, what is 1165 + 175a?
2914
In base 3, what is 2111122212021 - 2102?
2111122202212
In base 3, what is -101020221221120120 + 1?
-101020221221120112
In base 3, what is -1100222120 + -121202?
-1101121022
In base 11, what is -966a466 - 2?
-966a468
In base 7, what is -2045502634 - -5?
-2045502626
In base 15, what is 3382494e - 3?
3382494b
In base 10, what is -2 - 181549147?
-181549149
In base 7, what is 43032 - 56166?
-13134
In base 5, what is 1010141 - -301310?
1312001
In base 2, what is 1111111010010100011 - 111000000?
1111111001011100011
In base 7, what is -23 + -15332115?
-15332141
In base 7, what is -100534 - 44552?
-145416
In base 4, what is 3233322 + -10302?
3223020
In base 16, what is -18bd - -22a2?
9e5
In base 7, what is 464116210 + -3?
464116204
In base 16, what is 11 - -d8f53?
d8f64
In base 14, what is 712dacd - -5?
712dad4
In base 2, what is -10111001100011010101110 - 1000?
-10111001100011010110110
In base 10, what is 21554 - 5802?
15752
In base 7, what is -4403321 + 42?
-4403246
In base 8, what is -4 - 7000765?
-7000771
In base 7, what is -26015 + 10150?
-15535
In base 16, what is -3dc6 - 179?
-3f3f
In base 5, what is -20324142 + -31?
-20324223
In base 5, what is 32232133 - 43?
32232040
In base 8, what is -14444010 - -3?
-14444005
In base 4, what is -112101123 - -23102?
-112012021
In base 6, what is 134 + -11124351?
-11124213
In base 15, what is -165297 + 8b?
-16520b
In base 3, what is 100222010221 - -21?
100222011012
In base 16, what is 0 + -6814e66?
-6814e66
In base 10, what is 1 - 1440089?
-1440088
In base 3, what is 222211211111220 - -2?
222211211111222
In base 2, what is -1101 + 10101011101110101?
10101011101101000
In base 14, what is -4 - -1275d3?
1275cd
In base 12, what is 16 + -14a92?
-14a78
In base 9, what is -373728 - -24?
-373704
In base 9, what is 2 + 28848677?
28848680
In base 15, what is -16 - -12ac2?
12aab
In base 3, what is 2100101 + 20022122?
22200000
In base 9, what is -3 - 5273782?
-5273785
In base 9, what is 83 - -6808673?
6808766
In base 7, what is -454 - 1041011?
-1041465
In base 12, what is 8 - -42551a72?
42551a7a
In base 13, what is -c11aca - -7?
-c11ac3
In base 13, what is -12 + 1609aa5?
1609a93
In base 4, what is 11 - -202130233122?
202130233133
In base 12, what is -1 + 27713?
27712
In base 16, what is 0 + 22864f?
22864f
In base 7, what is 32605 + -2420?
30155
In base 16, what is -3 - bb5154?
-bb5157
In base 16, what is -2e + 80959?
8092b
In base 7, what is 5 - -36426352?
36426360
In base 2, what is -11 - 111111011111001001010101?
-111111011111001001011000
In base 14, what is -71 + 11b3a8?
11b337
In base 15, what is -85d5 - eeb?
-95d1
In base 5, what is 21 + 4230020121?
4230020142
In base 6, what is 30213052150 - 4?
30213052142
In base 4, what is 1 - -21201221012?
21201221013
In base 14, what is 5 - 22d723?
-22d71c
In base 9, what is 2 + 2415304?
2415306
In base 14, what is 310 + 1d146c?
1d177c
In base 5, what is -3423 - 1344?
-10322
In base 5, what is -112 + -4301041?
-4301203
In base 7, what is -313424340 + 2?
-313424335
In base 15, what is -191bcb + -1?
-191bcc
In base 4, what is -20 + 101123303002?
101123302322
In base 16, what is -1b24f4c + 2?
-1b24f4a
In base 9, what is 5678 + -8232?
-2443
In base 16, what is 170459 - -6?
17045f
In base 4, what is 2031002212 - -100?
2031002312
In base 14, what is 0 + -1418d73?
-1418d73
In base 16, what is 62dc + -df?
61fd
In base 5, what is -210202 + -3431?
-214133
In base 15, what is -367472b + -1?
-367472c
In base 14, what is -36 - 1d2baab?
-1d2bb03
In base 14, what is 394106 - -74?
39417a
In base 7, what is 112224 - -50256?
162513
In base 6, what is 20414 - -303331?
324145
In base 9, what is -7335337 - 21?
-7335358
In base 4, what is -1 - 13021110010?
-